

{"id":183,"date":"2023-05-10T06:24:52","date_gmt":"2023-05-10T06:24:52","guid":{"rendered":"https:\/\/nordichealth.shop\/?post_type=product&#038;p=183"},"modified":"2023-11-29T08:05:58","modified_gmt":"2023-11-29T08:05:58","slug":"gummies","status":"publish","type":"product","link":"https:\/\/nordichealth.shop\/?product=gummies","title":{"rendered":"Gummies"},"content":{"rendered":"<p>Unsere k\u00f6stlichen Gummies bieten Ihnen nicht nur eine leckere Nascherei, sondern auch eine angenehme M\u00f6glichkeit, von den Vorteilen hochwertiger N\u00e4hrstoffe zu profitieren. Wir verstehen, dass Gesundheitspflege Spa\u00df machen kann, und deshalb haben wir eine Palette von Gummis entwickelt, die nicht nur Ihre Geschmacksknospen erfreuen, sondern auch Ihre Bed\u00fcrfnisse nach Unterst\u00fctzung erf\u00fcllen.<\/p>\n<p>Von Vitaminen \u00fcber Mineralien bis hin zu spezialisierten Erg\u00e4nzungen bieten unsere Gummies eine geschmackvolle Art, Ihre Ern\u00e4hrung zu bereichern. Unsere sorgf\u00e4ltig formulierten Produkte sind so konzipiert, dass sie die Bed\u00fcrfnisse von Menschen in verschiedenen Lebensphasen und mit unterschiedlichen Zielen abdecken.<\/p>\n","protected":false},"excerpt":{"rendered":"<p>Unsere k\u00f6stlichen Gummies bieten Ihnen nicht nur eine leckere Nascherei, sondern auch eine angenehme M\u00f6glichkeit, von den Vorteilen hochwertiger N\u00e4hrstoffe zu profitieren. Wir verstehen, dass Gesundheitspflege Spa\u00df machen kann, und deshalb haben wir eine Palette von Gummis entwickelt, die nicht nur Ihre Geschmacksknospen erfreuen, sondern auch Ihre Bed\u00fcrfnisse nach Unterst\u00fctzung erf\u00fcllen. Von Vitaminen \u00fcber Mineralien [&#8230;]\n","protected":false},"featured_media":268,"comment_status":"open","ping_status":"closed","template":"","meta":[],"product_brand":[],"product_cat":[18],"product_tag":[],"class_list":{"0":"post-183","1":"product","2":"type-product","3":"status-publish","4":"has-post-thumbnail","6":"product_cat-alle-produkte","8":"first","9":"instock","10":"shipping-taxable","11":"purchasable","12":"product-type-simple"},"_links":{"self":[{"href":"https:\/\/nordichealth.shop\/index.php?rest_route=\/wp\/v2\/product\/183","targetHints":{"allow":["GET"]}}],"collection":[{"href":"https:\/\/nordichealth.shop\/index.php?rest_route=\/wp\/v2\/product"}],"about":[{"href":"https:\/\/nordichealth.shop\/index.php?rest_route=\/wp\/v2\/types\/product"}],"replies":[{"embeddable":true,"href":"https:\/\/nordichealth.shop\/index.php?rest_route=%2Fwp%2Fv2%2Fcomments&post=183"}],"wp:featuredmedia":[{"embeddable":true,"href":"https:\/\/nordichealth.shop\/index.php?rest_route=\/wp\/v2\/media\/268"}],"wp:attachment":[{"href":"https:\/\/nordichealth.shop\/index.php?rest_route=%2Fwp%2Fv2%2Fmedia&parent=183"}],"wp:term":[{"taxonomy":"product_brand","embeddable":true,"href":"https:\/\/nordichealth.shop\/index.php?rest_route=%2Fwp%2Fv2%2Fproduct_brand&post=183"},{"taxonomy":"product_cat","embeddable":true,"href":"https:\/\/nordichealth.shop\/index.php?rest_route=%2Fwp%2Fv2%2Fproduct_cat&post=183"},{"taxonomy":"product_tag","embeddable":true,"href":"https:\/\/nordichealth.shop\/index.php?rest_route=%2Fwp%2Fv2%2Fproduct_tag&post=183"}],"curies":[{"name":"wp","href":"https:\/\/api.w.org\/{rel}","templated":true}]}}