

{"id":188,"date":"2023-05-10T06:24:53","date_gmt":"2023-05-10T06:24:53","guid":{"rendered":"https:\/\/nordichealth.shop\/?post_type=product&#038;p=188"},"modified":"2023-11-29T08:05:58","modified_gmt":"2023-11-29T08:05:58","slug":"supplements","status":"publish","type":"product","link":"https:\/\/nordichealth.shop\/?product=supplements","title":{"rendered":"supplements"},"content":{"rendered":"<p>Unsere Nahrungserg\u00e4nzungsmittel sind sorgf\u00e4ltig entwickelte Formeln, die darauf abzielen, Ihre Gesundheit und Vitalit\u00e4t zu unterst\u00fctzen. Wir verstehen, dass der moderne Lebensstil manchmal eine zus\u00e4tzliche Unterst\u00fctzung erfordert, um sicherzustellen, dass Ihr K\u00f6rper alle notwendigen N\u00e4hrstoffe erh\u00e4lt.<\/p>\n<p>Unsere breite Palette an Nahrungserg\u00e4nzungsmitteln bietet Ihnen gezielte L\u00f6sungen f\u00fcr verschiedene Aspekte Ihrer Gesundheit. Von Vitaminen und Mineralstoffen bis hin zu spezialisierten Kr\u00e4uterextrakten \u2013 jedes Produkt wurde unter strengen Qualit\u00e4tsstandards entwickelt, um Ihnen das Beste zu bieten, was die Natur zu bieten hat.<\/p>\n","protected":false},"excerpt":{"rendered":"<p>Unsere Nahrungserg\u00e4nzungsmittel sind sorgf\u00e4ltig entwickelte Formeln, die darauf abzielen, Ihre Gesundheit und Vitalit\u00e4t zu unterst\u00fctzen. Wir verstehen, dass der moderne Lebensstil manchmal eine zus\u00e4tzliche Unterst\u00fctzung erfordert, um sicherzustellen, dass Ihr K\u00f6rper alle notwendigen N\u00e4hrstoffe erh\u00e4lt. Unsere breite Palette an Nahrungserg\u00e4nzungsmitteln bietet Ihnen gezielte L\u00f6sungen f\u00fcr verschiedene Aspekte Ihrer Gesundheit. Von Vitaminen und Mineralstoffen bis hin [&#8230;]\n","protected":false},"featured_media":267,"comment_status":"open","ping_status":"closed","template":"","meta":[],"product_brand":[],"product_cat":[18],"product_tag":[],"class_list":{"0":"post-188","1":"product","2":"type-product","3":"status-publish","4":"has-post-thumbnail","6":"product_cat-alle-produkte","8":"first","9":"instock","10":"shipping-taxable","11":"purchasable","12":"product-type-simple"},"_links":{"self":[{"href":"https:\/\/nordichealth.shop\/index.php?rest_route=\/wp\/v2\/product\/188","targetHints":{"allow":["GET"]}}],"collection":[{"href":"https:\/\/nordichealth.shop\/index.php?rest_route=\/wp\/v2\/product"}],"about":[{"href":"https:\/\/nordichealth.shop\/index.php?rest_route=\/wp\/v2\/types\/product"}],"replies":[{"embeddable":true,"href":"https:\/\/nordichealth.shop\/index.php?rest_route=%2Fwp%2Fv2%2Fcomments&post=188"}],"wp:featuredmedia":[{"embeddable":true,"href":"https:\/\/nordichealth.shop\/index.php?rest_route=\/wp\/v2\/media\/267"}],"wp:attachment":[{"href":"https:\/\/nordichealth.shop\/index.php?rest_route=%2Fwp%2Fv2%2Fmedia&parent=188"}],"wp:term":[{"taxonomy":"product_brand","embeddable":true,"href":"https:\/\/nordichealth.shop\/index.php?rest_route=%2Fwp%2Fv2%2Fproduct_brand&post=188"},{"taxonomy":"product_cat","embeddable":true,"href":"https:\/\/nordichealth.shop\/index.php?rest_route=%2Fwp%2Fv2%2Fproduct_cat&post=188"},{"taxonomy":"product_tag","embeddable":true,"href":"https:\/\/nordichealth.shop\/index.php?rest_route=%2Fwp%2Fv2%2Fproduct_tag&post=188"}],"curies":[{"name":"wp","href":"https:\/\/api.w.org\/{rel}","templated":true}]}}