

{"id":347,"date":"2024-06-26T09:34:25","date_gmt":"2024-06-26T09:34:25","guid":{"rendered":"https:\/\/nordichealth.shop\/?post_type=product&#038;p=347"},"modified":"2026-02-09T08:13:37","modified_gmt":"2026-02-09T08:13:37","slug":"4o-premium-oel","status":"publish","type":"product","link":"https:\/\/nordichealth.shop\/?product=4o-premium-oel","title":{"rendered":"4o % Premium \u00d6l"},"content":{"rendered":"<p>Unser 4o% nat\u00fcrliches \u00d6l ist ein Premium-Qualit\u00e4tsprodukt, das mit Sorgfalt und Pr\u00e4zision hergestellt wird. Dieses \u00d6l ist reich an nat\u00fcrlichen Pflanzenverbindungen, die f\u00fcr ihre potenziell beruhigenden und ausgleichenden Eigenschaften bekannt sind.<\/p>\n","protected":false},"excerpt":{"rendered":"<ul>\n<li>F\u00fcr das nat\u00fcrliche Wohlbefinden und die Harmonie Ihres K\u00f6rpers<\/li>\n<li>Enth\u00e4lt ca. 250 Tropfen<\/li>\n<\/ul>\n","protected":false},"featured_media":63,"comment_status":"open","ping_status":"closed","template":"","meta":[],"product_brand":[],"product_cat":[18],"product_tag":[],"class_list":{"0":"post-347","1":"product","2":"type-product","3":"status-publish","4":"has-post-thumbnail","6":"product_cat-alle-produkte","8":"first","9":"instock","10":"sale","11":"shipping-taxable","12":"purchasable","13":"product-type-simple"},"_links":{"self":[{"href":"https:\/\/nordichealth.shop\/index.php?rest_route=\/wp\/v2\/product\/347","targetHints":{"allow":["GET"]}}],"collection":[{"href":"https:\/\/nordichealth.shop\/index.php?rest_route=\/wp\/v2\/product"}],"about":[{"href":"https:\/\/nordichealth.shop\/index.php?rest_route=\/wp\/v2\/types\/product"}],"replies":[{"embeddable":true,"href":"https:\/\/nordichealth.shop\/index.php?rest_route=%2Fwp%2Fv2%2Fcomments&post=347"}],"wp:featuredmedia":[{"embeddable":true,"href":"https:\/\/nordichealth.shop\/index.php?rest_route=\/wp\/v2\/media\/63"}],"wp:attachment":[{"href":"https:\/\/nordichealth.shop\/index.php?rest_route=%2Fwp%2Fv2%2Fmedia&parent=347"}],"wp:term":[{"taxonomy":"product_brand","embeddable":true,"href":"https:\/\/nordichealth.shop\/index.php?rest_route=%2Fwp%2Fv2%2Fproduct_brand&post=347"},{"taxonomy":"product_cat","embeddable":true,"href":"https:\/\/nordichealth.shop\/index.php?rest_route=%2Fwp%2Fv2%2Fproduct_cat&post=347"},{"taxonomy":"product_tag","embeddable":true,"href":"https:\/\/nordichealth.shop\/index.php?rest_route=%2Fwp%2Fv2%2Fproduct_tag&post=347"}],"curies":[{"name":"wp","href":"https:\/\/api.w.org\/{rel}","templated":true}]}}